hat is 8 + 580dd?
58107
In base 14, what is -1 - -3d86c?
3d86b
In base 11, what is -951 - -909?
-43
In base 2, what is -1001010001111101 + 10?
-1001010001111011
In base 14, what is c17 + -1b?
bda
In base 15, what is 2c - 50a?
-4cd
In base 16, what is -1a300 - 4?
-1a304
In base 11, what is 1986593 + -5?
1986589
In base 15, what is 33 - -3b3?
3e6
In base 11, what is 20 + 2599?
2609
In base 7, what is -3 + 300046?
300043
In base 2, what is -1 + -110011101111010011?
-110011101111010100
In base 13, what is 6b + 1ca?
268
In base 8, what is 507735 - 3?
507732
In base 5, what is 101322342 + 4?
101322401
In base 6, what is 5 + -23533511?
-23533502
In base 12, what is 66 + 37a?
424
In base 8, what is 603346 + 3?
603351
In base 15, what is -486e - -8e?
-47d0
In base 3, what is 10 + 112002000001?
112002000011
In base 16, what is -10 + -477?
-487
In base 10, what is 235 - -2559?
2794
In base 2, what is 1010101000111110 + 10110?
1010101001010100
In base 10, what is -355 - -18?
-337
In base 7, what is 664300 + -15?
664252
In base 12, what is 5 + -176392?
-176389
In base 16, what is -2 - -7c1af?
7c1ad
In base 5, what is 113 - -3423?
4041
In base 4, what is 22121312 + -10?
22121302
In base 5, what is -23 - 12002230?
-12002303
In base 4, what is -313132 - 33?
-313231
In base 13, what is -c20 + -a7?
-cc7
In base 15, what is -7 + -12c59?
-12c61
In base 3, what is -112220 + -201000?
-1020220
In base 14, what is 6 - -aa6?
aac
In base 14, what is 1bd68 - 3?
1bd65
In base 10, what is -304 - -1317?
1013
In base 8, what is 2147 - 16?
2131
In base 5, what is 2 + 110000301?
110000303
In base 16, what is -18e0 + 1d?
-18c3
In base 6, what is -12 + 2051412?
2051400
In base 9, what is 4 + -206630?
-206625
In base 13, what is 4a1c + 74?
4a93
In base 3, what is -11 + 2211001110102?
2211001110021
In base 10, what is 4 - 317881?
-317877
In base 14, what is 1 + -a1d5a?
-a1d59
In base 13, what is -59cc + 63?
-5969
In base 14, what is 12bc5 - 18?
12bab
In base 5, what is -22321004 - -1?
-22321003
In base 7, what is -542542 - 11?
-542553
In base 2, what is 1101111110001010001 + -100?
1101111110001001101
In base 14, what is 7ba - -389?
b65
In base 12, what is 0 + 64220?
64220
In base 9, what is 28 + -4121?
-4082
In base 12, what is -219 + 67?
-172
In base 14, what is 1 - 210a?
-2109
In base 14, what is 69b4 - 1?
69b3
In base 3, what is 101220 - -210000?
1011220
In base 13, what is 1848 + -2?
1846
In base 12, what is 3 - 1a989?
-1a986
In base 4, what is -23013 - 101013?
-130032
In base 6, what is 3 + -505220?
-505213
In base 13, what is b5 - 5bb?
-506
In base 12, what is 1643 - 6?
1639
In base 11, what is 2 + -178288?
-178286
In base 12, what is 54 - 2117?
-2083
In base 5, what is -10342 + 10313?
-24
In base 4, what is -1 - -31222311?
31222310
In base 4, what is 20310030 - 12?
20310012
In base 4, what is 10 + 3203332?
3210002
In base 7, what is 1246 + 444?
2023
In base 14, what is 224ba - -2?
224bc
In base 14, what is -74 + -3?
-77
In base 9, what is 258 + 0?
258
In base 6, what is -30432 + 44?
-30344
In base 4, what is 12003100 - 21?
12003013
In base 9, what is 188 - -26?
225
In base 5, what is 1111 + 2433?
4044
In base 7, what is 156 + 1561?
2050
In base 4, what is -3001000 - 100?
-3001100
In base 3, what is 1 + 222212021021?
222212021022
In base 4, what is -12032 - -1202221?
1130123
In base 14, what is -4 - -673?
66d
In base 12, what is -59 + 937?
89a
In base 2, what is -1100001 - -11100?
-1000101
In base 15, what is -1a8e8 - -32?
-1a8b6
In base 13, what is 2640 - -9?
2649
In base 3, what is -20 + -220001012101?
-220001012121
In base 5, what is 14434222 + 12?
14434234
In base 3, what is 12 - -1200102110?
1200102122
In base 6, what is -2 - -524020?
524014
In base 15, what is 3 + -72b?
-728
In base 4, what is -332013013 + -11?
-332013030
In base 12, what is 0 - -205127?
205127
In base 4, what is -133121332 + -1?
-133121333
In base 8, what is -11 + 322063?
322052
In base 15, what is -1575d + 3?
-1575a
In base 16, what is -7991 + 4?
-798d
In base 10, what is -7 - 356?
-363
In base 4, what is 113032 - 311?
112121
In base 5, what is -2 + 101040?
101033
In base 6, what is 235 + 15322?
20001
In base 6, what is -10255523 + -3?
-10255530
In base 2, what is 10011010 + -11100000110010?
-11011110011000
In base 3, what is -1 + 1120001201?
1120001200
In base 8, what is 4 + 63524?
63530
In base 9, what is -5 + -1233787?
-1233803
In base 13, what is -2b - -85b?
830
In base 13, what is -262 - -1095?
b33
In base 3, what is -1121 - -1222?
101
In base 10, what is 829 - -95?
924
In base 5, what is -4 - 131201112?
-131201121
In base 16, what is ba81 - -2?
ba83
In base 3, what is 10 - -2121120?
2121200
In base 4, what is -13010233 - 3?
-13010302
In base 9, what is 664 + 353?
1127
In base 9, what is 1304 + 1642?
3046
In base 16, what is -3b6 - c9f?
-1055
In base 11, what is 5 + 15416?
15420
In base 8, what is 104111 - 2?
104107
In base 6, what is 3 + -30520245?
-30520242
In base 5, what is -4310 - -30412?
21102
In base 16, what is -2186 - 1?
-2187
In base 13, what is -4 + -7a96?
-7a9a
In base 5, what is -14 - -10?
-4
In base 6, what is 32034454 - 4?
32034450
In base 9, what is -4 - 15411?
-15415
In base 7, what is -5461420 + 2?
-5461415
In base 12, what is -b9 - -7b2?
6b5
In base 3, what is 0 + 2202011?
2202011
In base 6, what is -31325442 + -2?
-31325444
In base 16, what is 15a - 34f?
-1f5
In base 8, what is 212 + -45?
145
In base 10, what is -8365 + -23?
-8388
In base 4, what is -3 + -20232020?
-20232023
In base 11, what is 19 + -162a3?
-16285
In base 13, what is -14c + 12?
-13a
In base 13, what is -72 - 160?
-202
In base 11, what is -598027 - -2?
-598025
In base 14, what is -2 - -b14a?
b148
In base 4, what is 103 + 11312202?
11312311
In base 12, what is 2b77 + 6?
2b81
In base 8, what is 113113 - -2?
113115
In base 6, what is -2045500 - 0?
-2045500
In base 5, what is 34244441 - -1?
34244442
In base 11, what is 601151 - -2?
601153
In base 8, what is 40 - 367?
-327
In base 2, what is -1010 - 11010101011?
-11010110101
In base 3, what is -1101 - -2012010120?
2012002012
In base 7, what is -266 - 1324?
-1623
In base 13, what is -27 + 118b0?
11886
In base 3, what is -11 - -2111111200?
2111111112
In base 7, what is 62426 - -2?
62431
In base 6, what is 10011345 + 3?
10011352
In base 14, what is -1 + 237138?
237137
In base 10, what is -5 - -47090?
47085
In base 4, what is 1111 - -1110210?
1111321
In base 12, what is a7 + 15ba?
16a5
In base 7, what is -22 + 16345?
16323
In base 2, what is -101010001010 - -10001001?
-101000000001
In base 6, what is -5 - -13152523?
13152514
In base 3, what is -2200222212201 - 11?
-2200222212212
In base 5, what is -42101 + -34?
-42140
In base 7, what is -333606 - 3?
-333612
In base 5, what is 222 - -2323201?
2323423
In base 2, what is -111110110000 + 10001010?
-111100100110
In base 10, what is 591166 - 7?
591159
In base 15, what is 803b - 1?
803a
In base 3, what is 112 - -11112121020?
11112121202
In base 3, what is 1111000 - -21?
1111021
In base 13, what is -3 + -4a127?
-4a12a
In base 3, what is 1002111220 + 21?
1002112011
In base 7, what is 1515414 - -4?
1515421
In base 11, what is -1061 - 154?
-1205
In base 10, what is 16012 + -2?
16010
In base 2, what is -101110 - -1010000000?
1001010010
In base 8, what is -3 + 240446?
240443
In base 8, what is 146 + 1011?
1157
In base 9, what is 3 - 42032?
-42028
In base 7, what is 14653 - 352?
14301
In base 14, what is 2 - -275c?
2760
In base 16, what is -c15 + 5e?
-bb7
In base 8, what is -507 + -157?
-666
In base 15, what is -40692 + 1?
-40691
In base 11, what is -330 + -98?
-418
In base 14, what is -4 + -681b?
-6821
In base 6, what is -1250 - -202?
-1044
In base 14, what is -dc0c - 8?
-dc16
In base 12, what is 1290 + -30?
1260
In base 3, what is 2121211211 - -211?
2121212122
In base 12, what is 0 + -a4461?
-a4461
In base 13, what is -3a581 - 5?
-3a586
In base 16, what is -2 - 79b1?
-79b3
In base 13, what is 6 - c960?
-c957
In base 3, what is -1101 - -102011201?
102010100
In base 16, what is -2 - 194ee?
-194f0
In base 7, what is -21 - 666606?
-666630
In base 3, what is 10002122 - 2210210?
21212
In base 4, what is 33133020 - 10?
33133010
In base 4, what is 1023 + -11?
1012
In base 16, what is 6b + 1091?
10fc
In base 11, what is -7 + 16692?
1